r of 43 and 15781.
43
What is the highest common divisor of 1121 and 19?
19
What is the highest common divisor of 24 and 120?
24
What is the greatest common factor of 33 and 8877?
33
What is the greatest common factor of 9265 and 85?
85
Calculate the greatest common divisor of 115 and 10.
5
Calculate the greatest common divisor of 189 and 63.
63
Calculate the greatest common divisor of 120 and 45.
15
What is the greatest common divisor of 1 and 47?
1
Calculate the greatest common divisor of 72 and 2898.
18
Calculate the highest common factor of 3864 and 1242.
138
What is the greatest common factor of 14 and 511?
7
What is the greatest common factor of 315 and 90?
45
What is the greatest common factor of 160 and 560?
80
What is the greatest common factor of 414 and 18?
18
Calculate the greatest common divisor of 17 and 1428.
17
What is the greatest common divisor of 12496 and 1056?
176
Calculate the highest common divisor of 175 and 5.
5
What is the highest common divisor of 1440 and 270?
90
Calculate the greatest common factor of 234 and 45.
9
What is the highest common factor of 4935 and 840?
105
What is the highest common factor of 8 and 376?
8
Calculate the highest common divisor of 38 and 152.
38
Calculate the highest common factor of 12 and 708.
12
What is the highest common divisor of 306 and 36?
18
Calculate the greatest common divisor of 145 and 1914.
29
Calculate the highest common divisor of 67 and 94068.
67
What is the greatest common divisor of 205 and 10?
5
What is the greatest common divisor of 51 and 2193?
51
What is the greatest common divisor of 1856 and 16?
16
What is the highest common factor of 860 and 8858?
86
Calculate the greatest common divisor of 9 and 24.
3
What is the greatest common factor of 3415 and 5?
5
Calculate the greatest common factor of 414 and 12.
6
Calculate the greatest common factor of 621 and 23.
23
Calculate the greatest common divisor of 25 and 16175.
25
What is the greatest common factor of 25 and 925?
25
Calculate the greatest common factor of 5635 and 980.
245
What is the greatest common factor of 70 and 854?
14
What is the highest common divisor of 32 and 2944?
32
Calculate the greatest common divisor of 96 and 48.
48
What is the highest common factor of 200 and 145?
5
What is the greatest common factor of 2896 and 32?
16
Calculate the greatest common factor of 102 and 680.
34
Calculate the greatest common divisor of 129 and 3.
3
Calculate the greatest common divisor of 272 and 32.
16
Calculate the highest common factor of 150 and 1425.
75
Calculate the greatest common factor of 493 and 87.
29
What is the greatest common divisor of 7 and 147?
7
What is the greatest common factor of 517 and 121?
11
Calculate the highest common factor of 96 and 34944.
96
Calculate the highest common factor of 243 and 18.
9
What is the highest common divisor of 90 and 8730?
90
Calculate the greatest common divisor of 5 and 565.
5
Calculate the greatest common divisor of 132 and 33.
33
What is the greatest common divisor of 1975 and 79?
79
What is the highest common factor of 23625 and 150?
75
Calculate the greatest common factor of 72 and 48528.
72
Calculate the greatest common divisor of 37 and 592.
37
Calculate the highest common factor of 41 and 1271.
41
What is the highest common factor of 1058 and 138?
46
Calculate the highest common divisor of 450 and 100.
50
What is the highest common divisor of 904 and 2147?
113
What is the greatest common factor of 529 and 690?
23
What is the highest common divisor of 170 and 1?
1
Calculate the highest common divisor of 15 and 3800.
5
Calculate the highest common factor of 52 and 38506.
26
What is the highest common divisor of 136 and 51?
17
Calculate the highest common factor of 136 and 1156.
68
Calculate the greatest common factor of 312 and 744.
24
Calculate the greatest common factor of 12 and 3.
3
What is the greatest common factor of 6 and 282?
6
Calculate the highest common divisor of 830 and 10.
10
Calculate the greatest common divisor of 20 and 90.
10
What is the highest common factor of 664 and 8?
8
What is the highest common factor of 238 and 442?
34
Calculate the greatest common factor of 34 and 646.
34
Calculate the highest common factor of 2265 and 30.
15
What is the greatest common factor of 6 and 831?
3
What is the highest common divisor of 736 and 4738?
46
Calculate the highest common divisor of 59555 and 5.
5
Calculate the highest common factor of 6 and 160.
2
What is the highest common factor of 372 and 12?
12
What is the greatest common factor of 35 and 5?
5
Calculate the highest common divisor of 6 and 30.
6
Calculate the greatest common factor of 506 and 1496.
22
What is the highest common divisor of 1539 and 19?
19
What is the greatest common divisor of 15 and 723?
3
What is the highest common factor of 91 and 13?
13
Calculate the highest common divisor of 1469 and 39.
13
What is the highest common divisor of 7 and 28?
7
Calculate the highest common factor of 11 and 49808.
11
What is the highest common divisor of 5376 and 21?
21
What is the greatest common divisor of 8526 and 14?
14
What is the highest common divisor of 64 and 4704?
32
What is the highest common divisor of 1188 and 110?
22
What is the highest common divisor of 276 and 46?
46
Calculate the highest common divisor of 7 and 8197.
7
Calculate the highest common factor of 15 and 555.
15
What is the greatest common factor of 50 and 1550?
50
What is the highest common factor of 168 and 24?
24
Calculate the greatest common factor of 24 and 24.
24
Calculate the greatest common factor of 29 and 3509.
29
What is the greatest common divisor of 560 and 16?
16
What is the highest common divisor of 180 and 675?
45
Calculate the highest common divisor of 54 and 108.
54
What is the greatest common divisor of 96 and 132?
12
What is the highest common divisor of 4378 and 22?
22
What is the highest common factor of 61 and 549?
61
What is the greatest common factor of 80 and 2160?
80
What is the greatest common divisor of 2758 and 2?
2
What is the greatest common factor of 19 and 2489?
19
Calculate the greatest common factor of 80 and 64.
16
What is the highest common factor of 141 and 376?
47
What is the greatest common factor of 836 and 132?
44
Calculate the greatest common divisor of 270 and 8235.
135
What is the greatest common divisor of 26 and 299?
13
Calculate the highest common divisor of 36 and 20.
4
Calculate the highest common divisor of 2018 and 2.
2
What is the greatest common divisor of 39 and 2483?
13
Calculate the highest common divisor of 402 and 30.
6
Calculate the highest common divisor of 48 and 240.
48
What is the highest common factor of 156 and 12?
12
Calculate the highest common divisor of 2 and 53.
1
What is the highest common factor of 64 and 992?
32
Calculate the greatest common divisor of 160 and 1600.
160
What is the greatest common divisor of 400 and 16?
16
What is the greatest common factor of 2370 and 20?
10
What is the greatest common divisor of 198 and 176?
22
Calculate the greatest common factor of 60 and 510.
30
Calculate the greatest common factor of 46 and 713.
23
Calculate the highest common factor of 12 and 51.
3
What is the greatest common divisor of 14 and 658?
14
Calculate the highest common factor of 1074 and 6.
6
What is the greatest common factor of 23505 and 15?
15
Calculate the greatest common divisor of 2672 and 160.
16
What is the greatest common factor of 76 and 31388?
76
What is the greatest common divisor of 2292 and 6?
6
What is the greatest common factor of 38 and 513?
19
What is the greatest common divisor of 25 and 2225?
25
Calculate the highest common factor of 11 and 517.
11
What is the greatest common divisor of 992 and 62?
62
Calculate the highest common factor of 36 and 1629.
9
Calculate the greatest common divisor of 824 and 30.
2
Calculate the greatest common factor of 437 and 247.
19
What is the greatest common divisor of 567 and 42?
21
Calculate the greatest common factor of 315 and 3195.
45
What is the greatest common factor of 351 and 611?
13
Calculate the highest common factor of 582 and 6.
6
Calculate the highest common factor of 1252 and 4.
4
What is the highest common factor of 2490 and 120?
30
What is the greatest common divisor 